{"id":442,"date":"2025-05-29T09:38:11","date_gmt":"2025-05-29T09:38:11","guid":{"rendered":"https:\/\/www.umealaia.org\/gipuzkoa\/?page_id=442"},"modified":"2025-05-29T11:48:35","modified_gmt":"2025-05-29T11:48:35","slug":"politica-de-cookies","status":"publish","type":"page","link":"https:\/\/www.umealaia.org\/gipuzkoa\/politica-de-cookies\/","title":{"rendered":"Pol\u00edtica de cookies"},"content":{"rendered":"<div class=\"justificado\">Conforme a lo dispuesto en el art\u00edculo 22.2 de la Ley 34\/2002, de 11 de julio, de Servicios de la Sociedad de la Informaci\u00f3n y de Comercio Electr\u00f3nico (LSSI-CE) vigente, UME ALAIA GIPUZKOA ASOCIACION DE FAMILIAS ADOPTIVAS debe cumplir con la obligaci\u00f3n de informar sobre las cookies que utiliza y sus finalidades.<br \/>\nEste sitio web utiliza cookies y\/o tecnolog\u00edas similares que almacenan y recuperan informaci\u00f3n cuando navegas.<br \/>\nLas cookies permiten a una p\u00e1gina web, entre otras cosas, almacenar y recuperar informaci\u00f3n sobre los h\u00e1bitos de navegaci\u00f3n de un Usuario o de su equipo y, dependiendo de la informaci\u00f3n que contenga y de la forma en que utilice su equipo, pueden utilizarse para reconocer al Usuario.<br \/>\nLas cookies son esenciales para el funcionamiento de internet, aportando innumerables ventajas en la prestaci\u00f3n de servicios interactivos, facilit\u00e1ndole al Usuario la navegaci\u00f3n y usabilidad de nuestra web.<br \/>\nEl usuario puede modificar la configuraci\u00f3n personalizada AQU\u00cd.<br \/>\nLa informaci\u00f3n que le proporcionamos a continuaci\u00f3n le ayudar\u00e1 a comprender los diferentes tipos de cookies:<\/div>\n<div>\n<p>&nbsp;<\/p>\n<p><strong>Tipos de cookies:<\/strong><\/p>\n<p>Seg\u00fan la entidad que la gestiona, las cookies pueden ser:<\/p>\n<ul>\n<li><strong>Cookies propias:\u00a0<\/strong>Son aquellas que se env\u00edan al equipo terminal del usuario desde un equipo o dominio gestionado por el propio editor y desde el que se presta el servicio solicitado por el usuario.<\/li>\n<li><strong>Cookies de terceros:\u00a0<\/strong>Son aquellas que se env\u00edan al equipo terminal del usuario desde un equipo o dominio que no es gestionado por el editor, sino por otra entidad que trata los datos obtenidos a trav\u00e9s de las cookies<\/li>\n<\/ul>\n<p>Seg\u00fan el plazo de tiempo que permanecen activadas:<\/p>\n<ul>\n<li><strong>Cookies de sesi\u00f3n:\u00a0<\/strong>Son aquellas dise\u00f1adas para recabar y almacenar datos mientras el usuario accede a una p\u00e1gina web. Se suelen emplear para almacenar informaci\u00f3n que solo interesa conservar para la prestaci\u00f3n del servicio solicitado por el usuario en una sola ocasi\u00f3n (por ejemplo, una lista de productos adquiridos) y desaparecen al terminar la sesi\u00f3n.<\/li>\n<li><strong>Cookies persistentes:\u00a0<\/strong>Son aquellas en las que los datos siguen almacenados en el terminal y pueden ser accedidos y tratados durante un periodo definido por el responsable de la cookie, y que puede ir de unos minutos a varios a\u00f1os.<\/li>\n<\/ul>\n<p>Seg\u00fan su finalidad:<\/p>\n<ul>\n<li><strong>Cookies t\u00e9cnicas<\/strong>: Son aquellas que permiten al usuario la navegaci\u00f3n a trav\u00e9s de una p\u00e1gina web, plataforma o aplicaci\u00f3n y la utilizaci\u00f3n de las diferentes opciones o servicios que en ella existan<\/li>\n<li><strong>Cookies de personalizaci\u00f3n<\/strong>: Permiten aplicar caracter\u00edsticas propias para la navegaci\u00f3n del usuario por el website (Ej. idioma)<\/li>\n<li><strong>Cookies de an\u00e1lisis<\/strong>: Son aquellas que permiten al responsable de estas el seguimiento y an\u00e1lisis del comportamiento de los usuarios de los sitios web a los que est\u00e1n medidas para el cumplimiento normativo \u00b7 servicio compliance vinculadas, incluida la cuantificaci\u00f3n de los impactos de los anuncios. La informaci\u00f3n recogida mediante este tipo de cookies se utiliza en la medici\u00f3n de la actividad de los sitios web, aplicaci\u00f3n o plataforma, con el fin de introducir mejoras en funci\u00f3n del an\u00e1lisis de los datos de uso que hacen los usuarios del servicio.<\/li>\n<li><strong>Cookies publicitarias:<\/strong> Permiten al editor incluir en la p\u00e1gina web espacios publicitarios, seg\u00fan el contenido de la propia web.<\/li>\n<li><strong>Cookies de publicidad comportamental:<\/strong> Son aquellas que almacenan informaci\u00f3n del comportamiento de los usuarios obtenida a trav\u00e9s de la observaci\u00f3n continuada de sus h\u00e1bitos de navegaci\u00f3n, lo que permite desarrollar un perfil espec\u00edfico para mostrar publicidad en funci\u00f3n del mismo<\/li>\n<\/ul>\n<\/div>\n<p>Adicionalmente, UME ALAIA GIPUZKOA ASOCIACION DE FAMILIAS ADOPTIVAS informa de manera m\u00e1s\u00a0 detallada de las cookies que utiliza sus titulares, el uso o finalidad concreta, los plazos de conservaci\u00f3n, as\u00ed como de las posibles Transferencias Internacionales de datos de cada una de ellas utilizadas en nuestra p\u00e1gina web:<\/p>\n<table style=\"width: 1367px;\">\n<tbody>\n<tr>\n<td style=\"width: 232px;\"><strong>Nombre de la cookie<\/strong><\/td>\n<td style=\"width: 186px;\"><strong>Propia o de terceros<\/strong><\/td>\n<td style=\"width: 248px;\"><strong>Finalidad de cookie<\/strong><\/td>\n<td style=\"width: 539px;\"><strong>Informaci\u00f3n de la cookie<\/strong><\/td>\n<td style=\"width: 162px;\"><strong>Plazo<\/strong><\/td>\n<\/tr>\n<tr>\n<td style=\"width: 232px;\">wp-wpml_current_language<\/td>\n<td style=\"width: 186px;\">Propia<\/td>\n<td style=\"width: 248px;\">Personalizaci\u00f3n<\/td>\n<td style=\"width: 539px;\">Se utilizan para recordar preferencias del usuario durante su navegaci\u00f3n.<\/td>\n<td style=\"width: 162px;\">2 a\u00f1os<\/td>\n<\/tr>\n<tr>\n<td style=\"width: 232px;\">wordpress_test_cookie sesion<\/td>\n<td style=\"width: 186px;\">Propia<\/td>\n<td style=\"width: 248px;\">Sesi\u00f3n<\/td>\n<td style=\"width: 539px;\"><span data-huuid=\"10736578302200891562\">Se utiliza para verificar si el navegador del usuario tiene habilitadas las cookies<\/span><\/td>\n<td style=\"width: 162px;\">2 a\u00f1os<\/td>\n<\/tr>\n<\/tbody>\n<\/table>\n<p>&nbsp;<\/p>\n","protected":false},"excerpt":{"rendered":"<p>Conforme a lo dispuesto en el art\u00edculo 22.2 de la Ley 34\/2002, de 11 de julio, de Servicios de la Sociedad de la Informaci\u00f3n y de Comercio Electr\u00f3nico (LSSI-CE) vigente, UME ALAIA GIPUZKOA ASOCIACION DE FAMILIAS ADOPTIVAS debe cumplir con la obligaci\u00f3n de informar sobre las cookies que utiliza y sus finalidades. Este sitio web [&hellip;]<\/p>\n","protected":false},"author":1,"featured_media":0,"parent":0,"menu_order":0,"comment_status":"closed","ping_status":"closed","template":"","meta":{"_acf_changed":false,"footnotes":""},"class_list":["post-442","page","type-page","status-publish","hentry"],"acf":[],"_links":{"self":[{"href":"https:\/\/www.umealaia.org\/gipuzkoa\/wp-json\/wp\/v2\/pages\/442","targetHints":{"allow":["GET"]}}],"collection":[{"href":"https:\/\/www.umealaia.org\/gipuzkoa\/wp-json\/wp\/v2\/pages"}],"about":[{"href":"https:\/\/www.umealaia.org\/gipuzkoa\/wp-json\/wp\/v2\/types\/page"}],"author":[{"embeddable":true,"href":"https:\/\/www.umealaia.org\/gipuzkoa\/wp-json\/wp\/v2\/users\/1"}],"replies":[{"embeddable":true,"href":"https:\/\/www.umealaia.org\/gipuzkoa\/wp-json\/wp\/v2\/comments?post=442"}],"version-history":[{"count":5,"href":"https:\/\/www.umealaia.org\/gipuzkoa\/wp-json\/wp\/v2\/pages\/442\/revisions"}],"predecessor-version":[{"id":472,"href":"https:\/\/www.umealaia.org\/gipuzkoa\/wp-json\/wp\/v2\/pages\/442\/revisions\/472"}],"wp:attachment":[{"href":"https:\/\/www.umealaia.org\/gipuzkoa\/wp-json\/wp\/v2\/media?parent=442"}],"curies":[{"name":"wp","href":"https:\/\/api.w.org\/{rel}","templated":true}]}}