{"id":305,"date":"2016-02-16T16:07:31","date_gmt":"2016-02-16T15:07:31","guid":{"rendered":"https:\/\/www.umealaia.org\/que-hacemos\/"},"modified":"2021-10-23T13:28:35","modified_gmt":"2021-10-23T12:28:35","slug":"zer-egiten-dugu","status":"publish","type":"page","link":"https:\/\/www.umealaia.org\/eu\/zer-egiten-dugu\/","title":{"rendered":"Zer  egiten  dugu"},"content":{"rendered":"<p align=\"JUSTIFY\">La  Federaci\u00f3n  no  busca  sustituir  a  las  asociaciones  existentes,  por  lo  que  su  labor  se  centra  en  fortalecerlas  y  servir  de  espacio  de  coordinaci\u00f3n  a  aquellas  actividades  o  fines  que  superan  el  \u00e1mbito  de  actuaci\u00f3n  de  cada  de  las  asociaciones  que  la  integran.<\/p>\n<p align=\"JUSTIFY\">La  labor  diaria,  a  pie  de  calle,  la  desarrollan  y  la  seguir\u00e1n  desarrollando  cada  una  de  las  asociaciones  que  la  integran,  dotadas  de  personalidades  y  caracteres  diferenciados.<\/p>\n<p>Intentamos  ayudar  a  las  familias  que  empiezan  su  tramitaci\u00f3n,  ofreciendo  informaci\u00f3n  y  organizando  actividades  l\u00fadicas  y  culturales  para  padres  y  ni\u00f1os,  donde  poder  compartir  experiencias.<\/p>\n<p>No  obstante,  conscientes  de  que  una  adopci\u00f3n  no  solo  empieza  cuando  nuestro  hij@  llega  a  casa,  apostamos  fuerte  por  la  formaci\u00f3n,  tanto  pre  como  post-adoptiva,  promoviendo  charlas  impartidas  por  especialistas  en  la  materia,  organizando  talleres  de  padres  y  poniendo  a  disposici\u00f3n  de  los  socios  que  lo  necesiten  un  servicio  psicol\u00f3gico  especializado  y  una  biblioteca-videoteca  con  material  sobre  adopci\u00f3n.<\/p>\n","protected":false},"excerpt":{"rendered":"<p>La  Federaci\u00f3n  no  busca  sustituir  a  las  asociaciones  existentes,  por  lo  que  su  labor  se  centra  en  fortalecerlas  y  servir  de  espacio  de  coordinaci\u00f3n  a  aquellas  actividades  o  fines  que  superan  el  \u00e1mbito  de  actuaci\u00f3n  de  cada  de  las  asociaciones  que  la  integran.  La  labor  diaria,  a  pie  de  calle,  la  desarrollan  y  la  seguir\u00e1n  [&hellip;]<\/p>\n","protected":false},"author":1,"featured_media":0,"parent":0,"menu_order":0,"comment_status":"closed","ping_status":"closed","template":"","meta":{"_acf_changed":false,"footnotes":""},"class_list":["post-305","page","type-page","status-publish","hentry"],"acf":[],"_links":{"self":[{"href":"https:\/\/www.umealaia.org\/eu\/wp-json\/wp\/v2\/pages\/305","targetHints":{"allow":["GET"]}}],"collection":[{"href":"https:\/\/www.umealaia.org\/eu\/wp-json\/wp\/v2\/pages"}],"about":[{"href":"https:\/\/www.umealaia.org\/eu\/wp-json\/wp\/v2\/types\/page"}],"author":[{"embeddable":true,"href":"https:\/\/www.umealaia.org\/eu\/wp-json\/wp\/v2\/users\/1"}],"replies":[{"embeddable":true,"href":"https:\/\/www.umealaia.org\/eu\/wp-json\/wp\/v2\/comments?post=305"}],"version-history":[{"count":2,"href":"https:\/\/www.umealaia.org\/eu\/wp-json\/wp\/v2\/pages\/305\/revisions"}],"predecessor-version":[{"id":307,"href":"https:\/\/www.umealaia.org\/eu\/wp-json\/wp\/v2\/pages\/305\/revisions\/307"}],"wp:attachment":[{"href":"https:\/\/www.umealaia.org\/eu\/wp-json\/wp\/v2\/media?parent=305"}],"curies":[{"name":"wp","href":"https:\/\/api.w.org\/{rel}","templated":true}]}}

<p align="JUSTIFY">La  Federación  no  busca  sustituir  a  las  asociaciones  existentes,  por  lo  que  su  labor  se  centra  en  fortalecerlas  y  servir  de  espacio  de  coordinación  a  aquellas  actividades  o  fines  que  superan  el  ámbito  de  actuación  de  cada  de  las  asociaciones  que  la  integran.</p>
<p align="JUSTIFY">La  labor  diaria,  a  pie  de  calle,  la  desarrollan  y  la  seguirán  desarrollando  cada  una  de  las  asociaciones  que  la  integran,  dotadas  de  personalidades  y  caracteres  diferenciados.</p>
<p>Intentamos  ayudar  a  las  familias  que  empiezan  su  tramitación,  ofreciendo  información  y  organizando  actividades  lúdicas  y  culturales  para  padres  y  niños,  donde  poder  compartir  experiencias.</p>
<p>No  obstante,  conscientes  de  que  una  adopción  no  solo  empieza  cuando  nuestro  hij@  llega  a  casa,  apostamos  fuerte  por  la  formación,  tanto  pre  como  post-adoptiva,  promoviendo  charlas  impartidas  por  especialistas  en  la  materia,  organizando  talleres  de  padres  y  poniendo  a  disposición  de  los  socios  que  lo  necesiten  un  servicio  psicológico  especializado  y  una  biblioteca-videoteca  con  material  sobre  adopción.</p>

<p>La  Federación  no  busca  sustituir  a  las  asociaciones  existentes,  por  lo  que  su  labor  se  centra  en  fortalecerlas  y  servir  de  espacio  de  coordinación  a  aquellas  actividades  o  fines  que  superan  el  ámbito  de  actuación  de  cada  de  las  asociaciones  que  la  integran.  La  labor  diaria,  a  pie  de  calle,  la  desarrollan  y  la  seguirán  [&hellip;]</p>
