{"id":35,"date":"2016-02-22T18:22:56","date_gmt":"2016-02-22T17:22:56","guid":{"rendered":"https:\/\/www.umealaia.org\/bizkaia\/?page_id=35"},"modified":"2022-07-01T08:44:37","modified_gmt":"2022-07-01T07:44:37","slug":"que-hacemos","status":"publish","type":"page","link":"https:\/\/www.umealaia.org\/bizkaia\/que-hacemos\/","title":{"rendered":"Qu\u00e9 hacemos"},"content":{"rendered":"<p>Intentamos ayudar a las familias que empiezan su tramitaci\u00f3n, ofreciendo informaci\u00f3n y organizando actividades l\u00fadicas y culturales para padres y ni\u00f1os, donde poder compartir experiencias.<\/p>\n<p>No obstante, conscientes de que una adopci\u00f3n no solo empieza cuando nuestro hij@ llega a casa, apostamos fuerte por la formaci\u00f3n, tanto pre como post-adoptiva, promoviendo charlas impartidas por especialistas en la materia, organizando talleres de padres y poniendo a disposici\u00f3n de los socios que lo necesiten un servicio psicol\u00f3gico especializado y una biblioteca-videoteca con material sobre adopci\u00f3n.<\/p>\n","protected":false},"excerpt":{"rendered":"<p>Intentamos ayudar a las familias que empiezan su tramitaci\u00f3n, ofreciendo informaci\u00f3n y organizando actividades l\u00fadicas y culturales para padres y ni\u00f1os, donde poder compartir experiencias. No obstante, conscientes de que una adopci\u00f3n no solo empieza cuando nuestro hij@ llega a casa, apostamos fuerte por la formaci\u00f3n, tanto pre como post-adoptiva, promoviendo charlas impartidas por especialistas [&hellip;]<\/p>\n","protected":false},"author":1,"featured_media":0,"parent":0,"menu_order":0,"comment_status":"closed","ping_status":"closed","template":"","meta":{"_acf_changed":false,"footnotes":""},"class_list":["post-35","page","type-page","status-publish","hentry"],"acf":[],"_links":{"self":[{"href":"https:\/\/www.umealaia.org\/bizkaia\/wp-json\/wp\/v2\/pages\/35","targetHints":{"allow":["GET"]}}],"collection":[{"href":"https:\/\/www.umealaia.org\/bizkaia\/wp-json\/wp\/v2\/pages"}],"about":[{"href":"https:\/\/www.umealaia.org\/bizkaia\/wp-json\/wp\/v2\/types\/page"}],"author":[{"embeddable":true,"href":"https:\/\/www.umealaia.org\/bizkaia\/wp-json\/wp\/v2\/users\/1"}],"replies":[{"embeddable":true,"href":"https:\/\/www.umealaia.org\/bizkaia\/wp-json\/wp\/v2\/comments?post=35"}],"version-history":[{"count":2,"href":"https:\/\/www.umealaia.org\/bizkaia\/wp-json\/wp\/v2\/pages\/35\/revisions"}],"predecessor-version":[{"id":223,"href":"https:\/\/www.umealaia.org\/bizkaia\/wp-json\/wp\/v2\/pages\/35\/revisions\/223"}],"wp:attachment":[{"href":"https:\/\/www.umealaia.org\/bizkaia\/wp-json\/wp\/v2\/media?parent=35"}],"curies":[{"name":"wp","href":"https:\/\/api.w.org\/{rel}","templated":true}]}}

Qué hacemos

<p>Intentamos ayudar a las familias que empiezan su tramitación, ofreciendo información y organizando actividades lúdicas y culturales para padres y niños, donde poder compartir experiencias.</p>
<p>No obstante, conscientes de que una adopción no solo empieza cuando nuestro hij@ llega a casa, apostamos fuerte por la formación, tanto pre como post-adoptiva, promoviendo charlas impartidas por especialistas en la materia, organizando talleres de padres y poniendo a disposición de los socios que lo necesiten un servicio psicológico especializado y una biblioteca-videoteca con material sobre adopción.</p>

<p>Intentamos ayudar a las familias que empiezan su tramitación, ofreciendo información y organizando actividades lúdicas y culturales para padres y niños, donde poder compartir experiencias. No obstante, conscientes de que una adopción no solo empieza cuando nuestro hij@ llega a casa, apostamos fuerte por la formación, tanto pre como post-adoptiva, promoviendo charlas impartidas por especialistas [&hellip;]</p>
