{"id":159,"date":"2016-03-17T16:35:19","date_gmt":"2016-03-17T15:35:19","guid":{"rendered":"https:\/\/www.umealaia.org\/bizkaia\/?page_id=159"},"modified":"2023-04-21T14:03:01","modified_gmt":"2023-04-21T13:03:01","slug":"post-adopcion","status":"publish","type":"page","link":"https:\/\/www.umealaia.org\/bizkaia\/enlaces\/post-adopcion\/","title":{"rendered":"Post-adopci\u00f3n"},"content":{"rendered":"<ul class=\"simple-links-list\" ><li class=\"simple-links-item simple-links-shortcode-item\" id=\"link-97\"><a href=\"http:\/\/www.adoptia.org\/cas\/index.aspx\" target=\"\" title=\"\" >Adoptia: servicio de atenci\u00f3n psicosocial integral y de consultor\u00eda especializada en acogimiento familiar y adopci\u00f3n situado en Bizkaia<\/a><\/li><li class=\"simple-links-item simple-links-shortcode-item\" id=\"link-99\"><a href=\"http:\/\/www.adoptando.blogspot.com.es\/\" target=\"\" title=\"\" >BLOG sobre adopci\u00f3n<\/a><\/li><li class=\"simple-links-item simple-links-shortcode-item\" id=\"link-101\"><a href=\"http:\/\/sociedad.elpais.com\/sociedad\/2014\/01\/06\/actualidad\/1389037298_488155.html\" target=\"\" title=\"\" >La mayor\u00eda de ni\u00f1os adoptados en el extranjero choca contra el racismo<\/a><\/li><\/ul><!-- End .simple-links-list -->\n","protected":false},"excerpt":{"rendered":"","protected":false},"author":1,"featured_media":0,"parent":60,"menu_order":0,"comment_status":"closed","ping_status":"closed","template":"","meta":{"_acf_changed":false,"footnotes":""},"class_list":["post-159","page","type-page","status-publish","hentry"],"acf":[],"_links":{"self":[{"href":"https:\/\/www.umealaia.org\/bizkaia\/wp-json\/wp\/v2\/pages\/159","targetHints":{"allow":["GET"]}}],"collection":[{"href":"https:\/\/www.umealaia.org\/bizkaia\/wp-json\/wp\/v2\/pages"}],"about":[{"href":"https:\/\/www.umealaia.org\/bizkaia\/wp-json\/wp\/v2\/types\/page"}],"author":[{"embeddable":true,"href":"https:\/\/www.umealaia.org\/bizkaia\/wp-json\/wp\/v2\/users\/1"}],"replies":[{"embeddable":true,"href":"https:\/\/www.umealaia.org\/bizkaia\/wp-json\/wp\/v2\/comments?post=159"}],"version-history":[{"count":5,"href":"https:\/\/www.umealaia.org\/bizkaia\/wp-json\/wp\/v2\/pages\/159\/revisions"}],"predecessor-version":[{"id":287,"href":"https:\/\/www.umealaia.org\/bizkaia\/wp-json\/wp\/v2\/pages\/159\/revisions\/287"}],"up":[{"embeddable":true,"href":"https:\/\/www.umealaia.org\/bizkaia\/wp-json\/wp\/v2\/pages\/60"}],"wp:attachment":[{"href":"https:\/\/www.umealaia.org\/bizkaia\/wp-json\/wp\/v2\/media?parent=159"}],"curies":[{"name":"wp","href":"https:\/\/api.w.org\/{rel}","templated":true}]}}

Post-adopción

<ul class="simple-links-list" ><li class="simple-links-item simple-links-shortcode-item" id="link-97"><a href="http://www.adoptia.org/cas/index.aspx" target="" title="" >Adoptia: servicio de atención psicosocial integral y de consultoría especializada en acogimiento familiar y adopción situado en Bizkaia</a></li><li class="simple-links-item simple-links-shortcode-item" id="link-99"><a href="http://www.adoptando.blogspot.com.es/" target="" title="" >BLOG sobre adopción</a></li><li class="simple-links-item simple-links-shortcode-item" id="link-101"><a href="http://sociedad.elpais.com/sociedad/2014/01/06/actualidad/1389037298_488155.html" target="" title="" >La mayoría de niños adoptados en el extranjero choca contra el racismo</a></li></ul><!-- End .simple-links-list -->
