{"id":2,"date":"2016-02-17T12:41:07","date_gmt":"2016-02-17T11:41:07","guid":{"rendered":"https:\/\/www.umealaia.org\/araba\/?page_id=2"},"modified":"2022-05-13T17:01:25","modified_gmt":"2022-05-13T16:01:25","slug":"asociacion","status":"publish","type":"page","link":"https:\/\/www.umealaia.org\/araba\/asociacion\/","title":{"rendered":"Sobre Ume Alaia Araba"},"content":{"rendered":"<p><strong>Ume Alaia Araba<\/strong> es una asociaci\u00f3n por y para la adopci\u00f3n. Surge con el fin de dar apoyo a las familias que han adoptado o quieren adoptar.<\/p>\n<p>La adopci\u00f3n es un tema desconocido y poco tratado en nuestra sociedad, a menudo, acompa\u00f1ado de ideas preconcebidas que llevan a conclusiones inexactas. En una sociedad que dif\u00edcilmente da cabida a la diferencia, ello conlleva un esfuerzo adicional de las familias para conseguir la plena integraci\u00f3n .<\/p>\n<h6>Ume Alaia Araba es una asociaci\u00f3n por y para la adopci\u00f3n. Surge con el fin de dar apoyo a las familias que han adoptado o quieren adoptar.<\/h6>\n<div id=\"post-body-1327650020317921667\">\n<p>La adopci\u00f3n es un tema desconocido y poco tratado en nuestra sociedad, a menudo, acompa\u00f1ado de ideas preconcebidas que llevan a conclusiones inexactas. En una sociedad que dif\u00edcilmente da cabida a la diferencia, ello conlleva un esfuerzo adicional de las familias para conseguir la plena integraci\u00f3n .<\/p>\n<p>Desde la asociaci\u00f3n queremos ofrecer el mejor futuro posible a nuestros hijos e hijas. Por eso, vamos a aunar fuerzas, trabajar en equipo, compartir experiencias y ofrecer acompa\u00f1amiento a quien se plantee la formaci\u00f3n de una familia mediante la adopci\u00f3n.<\/p>\n<h6>Nuestras puertas est\u00e1n abiertas a todo el mundo con inquietudes en este tema.<\/h6>\n<\/div>\n","protected":false},"excerpt":{"rendered":"<p>Ume Alaia Araba es una asociaci\u00f3n por y para la adopci\u00f3n. Surge con el fin de dar apoyo a las familias que han adoptado o quieren adoptar. La adopci\u00f3n es un tema desconocido y poco tratado en nuestra sociedad, a menudo, acompa\u00f1ado de ideas preconcebidas que llevan a conclusiones inexactas. En una sociedad que dif\u00edcilmente [&hellip;]<\/p>\n","protected":false},"author":1,"featured_media":0,"parent":0,"menu_order":0,"comment_status":"closed","ping_status":"closed","template":"","meta":{"_acf_changed":false,"footnotes":""},"class_list":["post-2","page","type-page","status-publish","hentry"],"acf":[],"_links":{"self":[{"href":"https:\/\/www.umealaia.org\/araba\/wp-json\/wp\/v2\/pages\/2","targetHints":{"allow":["GET"]}}],"collection":[{"href":"https:\/\/www.umealaia.org\/araba\/wp-json\/wp\/v2\/pages"}],"about":[{"href":"https:\/\/www.umealaia.org\/araba\/wp-json\/wp\/v2\/types\/page"}],"author":[{"embeddable":true,"href":"https:\/\/www.umealaia.org\/araba\/wp-json\/wp\/v2\/users\/1"}],"replies":[{"embeddable":true,"href":"https:\/\/www.umealaia.org\/araba\/wp-json\/wp\/v2\/comments?post=2"}],"version-history":[{"count":5,"href":"https:\/\/www.umealaia.org\/araba\/wp-json\/wp\/v2\/pages\/2\/revisions"}],"predecessor-version":[{"id":462,"href":"https:\/\/www.umealaia.org\/araba\/wp-json\/wp\/v2\/pages\/2\/revisions\/462"}],"wp:attachment":[{"href":"https:\/\/www.umealaia.org\/araba\/wp-json\/wp\/v2\/media?parent=2"}],"curies":[{"name":"wp","href":"https:\/\/api.w.org\/{rel}","templated":true}]}}

<p><strong>Ume Alaia Araba</strong> es una asociación por y para la adopción. Surge con el fin de dar apoyo a las familias que han adoptado o quieren adoptar.</p>
<p>La adopción es un tema desconocido y poco tratado en nuestra sociedad, a menudo, acompañado de ideas preconcebidas que llevan a conclusiones inexactas. En una sociedad que difícilmente da cabida a la diferencia, ello conlleva un esfuerzo adicional de las familias para conseguir la plena integración .</p>
<h6>Ume Alaia Araba es una asociación por y para la adopción. Surge con el fin de dar apoyo a las familias que han adoptado o quieren adoptar.</h6>
<div id="post-body-1327650020317921667">
<p>La adopción es un tema desconocido y poco tratado en nuestra sociedad, a menudo, acompañado de ideas preconcebidas que llevan a conclusiones inexactas. En una sociedad que difícilmente da cabida a la diferencia, ello conlleva un esfuerzo adicional de las familias para conseguir la plena integración .</p>
<p>Desde la asociación queremos ofrecer el mejor futuro posible a nuestros hijos e hijas. Por eso, vamos a aunar fuerzas, trabajar en equipo, compartir experiencias y ofrecer acompañamiento a quien se plantee la formación de una familia mediante la adopción.</p>
<h6>Nuestras puertas están abiertas a todo el mundo con inquietudes en este tema.</h6>
</div>

<p>Ume Alaia Araba es una asociación por y para la adopción. Surge con el fin de dar apoyo a las familias que han adoptado o quieren adoptar. La adopción es un tema desconocido y poco tratado en nuestra sociedad, a menudo, acompañado de ideas preconcebidas que llevan a conclusiones inexactas. En una sociedad que difícilmente [&hellip;]</p>
